Let r be 1 + 0 - -6209 - 4. Let v = -1665 + r. Let b = -3019 + v. Is b a prime number?
False
Let f(i) = 23*i**2 + 10*i - 524 - i + 569. Let o be f(-14). Suppose 0 = -2*a - l + o, -a = -5*a + 3*l + 8869. Is a a composite number?
True
Suppose 2*w + 3*s - 22 = -3*w, 2*s - 8 = 0. Let h be 4 + -3 - (w + (-3)/1). Suppose h*r - 120 = 484. Is r a prime number?
False
Suppose -10*w - 3693206 = -92*w + 3026120. Is w a prime number?
True
Suppose 8*c = 5*s + 3*c - 575665, 4*s - 3*c - 460534 = 0. Is s a composite number?
True
Let n be 2 - (-6 - (-4)/1)/2. Suppose 6*p - 6303 = n*p. Is p prime?
False
Let b = -35131 - -81152. Is b a composite number?
False
Let h = 5094 + 53. Is h a composite number?
False
Let w = 24 - 12. Suppose -500 = 7*o - w*o. Suppose -989 + o = -j. Is j a composite number?
True
Let c(u) = 2 + 256*u + 94*u - 13. Let x = 46 - 43. Is c(x) composite?
False
Let a(r) = r**2 - r. Let q be a(-1). Suppose -q*f - 3 = -11. Is ((-2)/f)/((-7)/4102) a prime number?
True
Let k(o) = -2608*o - 2027. Is k(-48) prime?
False
Suppose 0 = -m + 4*a + 122527, 1650*m - 1651*m + 3*a + 122528 = 0. Is m a composite number?
True
Let h = 19425 - -194. Is h a composite number?
True
Is -7 - (-6 + (-500)/(-85) + 11897000/(-68)) a prime number?
False
Let l = 102762 - 39185. Is l prime?
True
Suppose 271*f = 399*f - 181692032. Is f composite?
False
Let s be 9*19804/12*1. Suppose -4*c + s - 2589 = 5*d, 6138 = 2*c + 4*d. Is c prime?
True
Let m(d) = -2*d - 4. Let z be m(-4). Let o be (-13843)/(-2) + (-16)/(-32). Suppose 3*b - 2515 = 5*x + 1646, z*x + o = 5*b. Is b a prime number?
False
Let d be 15 + -15 + -2*1. Is (71*1/d)/(8/(-176)) prime?
False
Let j(y) be the second derivative of y**4/6 - 23*y**3/6 - 11*y**2/2 - 110*y - 2. Let i(u) = u**2 + 12*u - 9. Let n be i(-11). Is j(n) a prime number?
True
Suppose 118*l + 11076539 = 317*l. Is l a prime number?
True
Let b = -95 + 94. Let z be (-2)/(b - (-14486)/14482). Let y = z - -10488. Is y a prime number?
False
Let o(h) = 19460*h + 14. Let a be o(-4). Let u be (-54)/21*a/(-6). Is u/(-63) + 9/(-21) a composite number?
True
Let n(d) = 12*d + 87. Let k be n(-7). Suppose -3*x + 6468 = 3*s, x - 1143 = k*s + 1033. Is x composite?
False
Let g(d) = 527*d**2 - 143*d + 1045. Is g(7) a prime number?
True
Suppose -59*t + 18*t - 427712 = -1389367. Is t a prime number?
False
Suppose -o + 4*u + 1321 = 2*o, -890 = -2*o - 2*u. Suppose -6*a + o + 43 = 0. Let j = a + 173. Is j composite?
True
Let t(v) = 4*v**2 + 3*v + 4. Let f be t(-1). Is 3067 - (5 - 1) - (f + -3) prime?
True
Suppose -5*x + x + 20 = 0, -x + 47310 = 5*w. Is w a prime number?
True
Let t(l) = 2*l**3 - 10*l**2 + 16*l + 9. Suppose 0 = -5*o - 2*x + 145, x + 103 = -0*o + 4*o. Let r be (o - 25) + -1*(-9 - 1). Is t(r) prime?
False
Let z(t) = t**2 + 21*t + 4230659. Is z(0) a prime number?
True
Let d(g) = -192*g**2 + 1493*g**2 - g + 5*g + 11. Is d(-2) a composite number?
True
Suppose 124*b = 5*w + 128*b - 210233, 9 = -3*b. Is w composite?
True
Suppose 4*x = -3*x. Suppose 3*d = -2*d - x*d. Suppose o + 13 - 46 = d. Is o composite?
True
Let q(l) = 32*l**3 + 38*l**2 + 81*l - 24. Let m(p) = 16*p**3 + 18*p**2 + 41*p - 12. Let w(z) = 9*m(z) - 4*q(z). Is w(10) prime?
False
Let i(z) = z**2 + 18*z + 19. Let l be i(-17). Suppose -24952 = -5*c + 3*k + 6784, -l*c = -2*k - 12692. Is c a prime number?
False
Let n(g) = g**3 + 34*g**2 + 32*g - 19. Let a be n(-33). Suppose -a*y - 2*y + 163536 = 0. Is y composite?
True
Let o be (1 + -2)/(2/10) + 8. Suppose -c + 44 + 168 = -b, -o*c - 2*b + 631 = 0. Is c a prime number?
True
Let z = 564 - -7466. Suppose 2012 + z = 2*n. Is n a prime number?
True
Let p(v) = 85*v**2 + 28*v + 21. Let y be p(-13). Suppose -y + 87111 = 27*m. Is m composite?
False
Suppose 8 = -3*n + 4*z, 2*n - 45*z = -41*z - 12. Is 3/n + 987298/104 + -3 a composite number?
False
Let x(n) = -2*n + 21. Let d be x(10). Let a be (3 - d)*79/(-2). Let w = 67 - a. Is w prime?
False
Suppose -272*u + 273*u - 97301 = 0. Is u a prime number?
True
Suppose 0 = -6*x - 19 + 133. Let p = 262 - 32. Let g = p - x. Is g composite?
False
Let k = 229343 - 161692. Is k a composite number?
False
Suppose 3*q = -4 + 1, -f + 4*q = -8. Suppose t + f*z = 5015, -5*t + 4*z + 25141 = 2*z. Is t a composite number?
True
Let a = -5 + -11. Let j = 15 - a. Suppose 3*g = 26 + j. Is g prime?
True
Let c(i) be the second derivative of 119*i**5/20 - i**4/12 - i**3/6 + i**2 - 25*i. Is c(1) prime?
False
Let z(d) = -d + 14. Let x be z(11). Let r be 12/(x/((-1488)/(-490)) + -1). Let i = r - -1459. Is i prime?
True
Is (-265120)/(-280)*(9/6 - -2) prime?
False
Let k = 507831 - 128000. Is k composite?
True
Let y(j) = 2*j**2 - 7. Let p(u) = u**3 + 23*u**2 - u - 18. Let z be p(-23). Suppose 4*l = -o + z, -4*o - l + 5*l + 20 = 0. Is y(o) a prime number?
True
Let n(c) = -680*c - 102. Let k be n(5). Let z = k - -5297. Is z prime?
False
Let x(f) = -25506*f - 275. Is x(-7) a composite number?
True
Let a(u) = -5*u - 12. Let t(g) = 20*g + 35. Let f(m) = -17*a(m) - 6*t(m). Suppose 3*i + 52 = 13. Is f(i) a composite number?
False
Let m(w) = w**2 + w - 4. Let v be m(0). Let t be (-6 - (-2)/(-3))*(-26958)/v. Is (-6)/27 + t/(-90) composite?
False
Let m = 550 + -546. Suppose 4*k = -4*q + 55304, 4*q - q = -m*k + 55307. Is k a composite number?
False
Let r(d) = 4*d + 8. Let q be r(16). Is 24/q*61*537 prime?
False
Suppose -2*j - 6 = 0, -4*u + 774136 = -3*j - 3089397. Is u a composite number?
True
Suppose -3*t + 2*k + k + 12 = 0, -4*t = 4*k. Suppose 4*h - 91804 = -5*j - 5274, -3*j + 43264 = t*h. Is h a prime number?
False
Let n(j) = 9*j**2 + 26*j + 38. Let w be (1 - 2)/(2 + 102/(-50)). Is n(w) composite?
True
Is 88/(-1320) - (-929584)/60 a composite number?
False
Let r be (-15)/(-3) + (5 + 1 - 1887). Let l = 2791 - r. Is l a composite number?
True
Let x(j) = -1245*j + 20. Let k(h) = -1244*h + 22. Let w(u) = 6*k(u) - 7*x(u). Is w(5) prime?
True
Let m = 63 + -1. Let i = -61 + m. Is (6147 - i)*11/22 a prime number?
False
Is 48162611/56 + 24/64 a prime number?
False
Let m = 216 + -210. Suppose -m*p + 5*p = -299. Is p prime?
False
Let d(n) = -3011*n**3 + n**2 - 6*n - 7. Is d(-4) composite?
False
Let q(y) = 229*y**2 + y - 4. Let m be q(2). Let h = m - 391. Is h composite?
False
Suppose 5*z = 3*o + 6189, 2*z + 2*o - 2798 = -316. Let v = z - 760. Is v prime?
True
Suppose -3*t + 5104 = f, 248 = t - 2*f - 1444. Suppose t = 4*d - 1788. Is (d + 14)*(-1)/(-2) a composite number?
False
Suppose -45*m + 375 = -40*m. Let o = m - 78. Is 1719/o*2/(-12)*2 composite?
False
Let a = 3795 + 736. Is a composite?
True
Suppose -15*w - 163350 = -5*w. Let k = w - -38206. Is k a composite number?
False
Let p = 71407 - -65536. Is p a prime number?
True
Let u(m) be the first derivative of -113*m**2 + 57*m - 35. Is u(-14) a prime number?
True
Suppose 25 = -5*j, b + 3*j - 9540 = 153. Let l = b - 5045. Is l composite?
False
Let d be 5*21*10/75. Suppose -4 = -10*v + d*v. Is (0 - v/3)*1149 composite?
False
Let g(l) = -l**3 + 5*l**2 - 4*l + 1. Let d be g(2). Let j be (-1)/(-2) - (-1500)/8. Suppose 2*k = 2*q - 6*q + j, d*q = 0. Is k a prime number?
False
Suppose 5965 = 3*r + 4*a - 14373, 4*a - 16 = 0. Is (24/16 + -1)*r composite?
True
Is (-8)/6*1295337/(-92) a prime number?
True
Let q(d) = -d**3 + 19*d**2 + 7*d. Let p = 70 + -52. Let w be q(p). Let v = 1511 - w. Is v a composite number?
False
Let a = -1036737 - -1538188. Is a composite?
False
Let x(l) = l**3 - 6*l**2 + 4*l - 9. Let j be x(6). Suppose -75*m = -78*m + j. Suppose 5*r - 2*w = 2775, 10*r - m*r = 4*w + 2765. Is r a prime number?
True
Suppose -115548 = -3*i + 25818. Is i prime?
False
Suppose 3*y + 4*x = 92549, 7*x - 4*x = -y + 30853. Let d = y - 15402. Is d a composite number?
True
Let d(k) = 2*k**2 - 3*k - 14. Suppose 3*a = -i - 49, 5*a + 3*i = a - 72. Let c = -6 - a. Is d(c) composite?
True
Suppose -4064 = -l - 3*b, 5*l - 25*b - 20332 = -28*b. Suppose 16280 = 4*a + 4*o, -23*a + 22*a + l = 2*o. Is a prime?
True
Suppose 2*a - 6*a = 4. Let f be 91 - (a/1 - -1). Is (-26)/f + (-30090)/(-14) a prime number?
False
Suppose -w = 3*g - 15695, 4*w - g - 43949 = 18766. Suppose -w - 9440 = -8*c. Suppose -4*k - 4*x = -3149 + 665, -5*k + 2*x + c = 0. Is k a prime number?
False
Let k = 1441463 - 1001922. Is k composite?
False
Let n be 2 + (-2619)/6 - (-11)/(